{"id":671,"date":"2023-01-29T16:11:12","date_gmt":"2023-01-29T16:11:12","guid":{"rendered":"http:\/\/145plus.net\/pub\/?page_id=671"},"modified":"2023-01-31T13:05:21","modified_gmt":"2023-01-31T13:05:21","slug":"noden-uhb-kleuters","status":"publish","type":"page","link":"https:\/\/145plus.net\/pub\/noden-uhb-kleuters\/","title":{"rendered":"Noden UHB kleuters"},"content":{"rendered":"<div class=\"wp-block-image\">\n<figure class=\"aligncenter size-large\"><img loading=\"lazy\" decoding=\"async\" width=\"1024\" height=\"446\" src=\"http:\/\/145plus.net\/pub\/wp-content\/uploads\/2023\/01\/kleuter3-1024x446.jpg\" alt=\"\" class=\"wp-image-672\" srcset=\"https:\/\/145plus.net\/pub\/wp-content\/uploads\/2023\/01\/kleuter3-1024x446.jpg 1024w, https:\/\/145plus.net\/pub\/wp-content\/uploads\/2023\/01\/kleuter3-300x131.jpg 300w, https:\/\/145plus.net\/pub\/wp-content\/uploads\/2023\/01\/kleuter3-768x334.jpg 768w, https:\/\/145plus.net\/pub\/wp-content\/uploads\/2023\/01\/kleuter3.jpg 1071w\" sizes=\"auto, (max-width: 1024px) 100vw, 1024px\" \/><\/figure>\n<\/div>\n\n\n<p><\/p>\n\n\n\n<p>Uitzonderlijk hoogbegaafde kleuters doorlopen een heel andere ontwikkeling&nbsp;dan hun leeftijdsgenootjes. Hierdoor ontwikkelen zij&nbsp;ook andere noden op verstandelijk, sociaal \u00e9n emotioneel vlak. We zetten een aantal van deze noden hier op een rijtje en voorzien de nodige tips om hier als school, kleuterjuf of -meester&nbsp;&nbsp;mee om te gaan:<\/p>\n\n\n\n<ul class=\"wp-block-list\">\n<li><a href=\"#herkenning_op_jonge_leeftijd\">Herkenning op jonge leeftijd<\/a><\/li>\n\n\n\n<li><a href=\"#aandacht_voor_asynchrone_ontwikkeling\">Aandacht voor asynchrone ontwikkeling<\/a><\/li>\n\n\n\n<li><a href=\"#uitdaging_op_maat\">Uitdaging op maat<\/a><\/li>\n\n\n\n<li><a href=\"#erkenning_van_talenten_en_noden\">Erkenning van talenten en noden<\/a><\/li>\n\n\n\n<li><a href=\"#flexibiliteit_in_het_zoeken_naar_gepaste_oplossingen\">Flexibiliteit in het zoeken naar gepaste oplossingen<\/a><\/li>\n<\/ul>\n\n\n\n<p><a href=\"http:\/\/145plus.net\/tiki\/tiki-editpage.php?page=Noden+UHB+kleuters&amp;hdr=2\"><\/a><\/p>\n\n\n\n<h3 class=\"wp-block-heading\" id=\"herkenning_op_jonge_leeftijd\">Herkenning\u00a0op jonge\u00a0leeftijd<a href=\"http:\/\/145plus.net\/tiki\/tiki-index.php?page=Noden-UHB-kleuters#Herkenning_op_jonge_leeftijd\"><\/a><\/h3>\n\n\n\n<p>Jonge UHB kleuters komen met grote verwachtingen naar school. Sommigen onder hen leerden zichzelf al lezen voor de leeftijd van 2,5 en hopen nog v\u00e9\u00e9l meer te leren &#8220;op school&#8221;. Groot is dan ook hun verbazing wanneer ze in het peuterklasje terecht komen tussen leeftijdsgenootjes die nog niet tot 3 kunnen tellen of de namen van de verschillende kleuren nog niet kennen. Het UHB kind beseft al snel dat het hier niet op z&#8217;n plaats zit, maar legt de &#8216;schuld&#8217; hiervoor bij zichzelf en&nbsp;gaat al snel tot het uiterste om&nbsp;zich aan te passen aan z&#8217;n omgeving. Zo weigert het bijvoorbeeld nog \u00e9\u00e9n zin te lezen, gaat het opnieuw krassen i.p.v. kleuren en gebruikt het terug peutertaal, ook al kent het ondertussen al lang volzinnen en volwassen woorden.<\/p>\n\n\n\n<p>Vaak gebeurt deze aanpassing al de eerste week van z&#8217;n bezoek aan school en is die eerste periode in het onthaal- of kleuterklasje de start van jarenlang aanpassen en onderpresteren.&nbsp;<\/p>\n\n\n\n<p>Om te voorkomen dat dit kind zich aanpast en z&#8217;n kennis, z&#8217;n talenten en z&#8217;n leerhonger (definitief) opbergt, is het&nbsp;uiterst belangrijk dat peuters\/jonge kleuters zo vroeg mogelijk als uitzonderlijk begaafd herkend worden door kleuter- en zorgkrachten. Kennis over de kenmerken van UHB kleuters is hiervoor nodig.&nbsp;<\/p>\n\n\n\n<p class=\"has-white-background-color has-background\"><a href=\"http:\/\/145plus.net\/tiki\/tiki-editpage.php?page=Noden+UHB+kleuters&amp;hdr=3\"><\/a><\/p>\n\n\n\n<h4 class=\"wp-block-heading\" id=\"Tips_voor_de_leerkracht:\">Tips voor de&nbsp;leerkracht:<a href=\"http:\/\/145plus.net\/tiki\/tiki-index.php?page=Noden-UHB-kleuters#Tips_voor_de_leerkracht:\"><\/a><\/h4>\n\n\n\n<ul class=\"wp-block-list\">\n<li>Observeer de kleuter de eerste dagen heel goed. Wanneer hij de eerste dagen zaken vertelt of woorden gebruikt die je het gevoel&nbsp;geven dat dit kind &#8220;anders &#8221; is dan z&#8217;n leeftijdsgenootjes, bevestig het kind dan. Vermijd uitspraken als &#8220;dat moet jij nog niet kennen, hoor&#8221; of &#8220;lezen doen we hier in de klas nog niet, daar moet je nog even mee wachten&#8221;.<br>&nbsp;<\/li>\n\n\n\n<li>Luister naar de ouders: wat kan het kind al in de thuisomgeving? Leerde het zichzelf lezen? Goochelt het met namen van kleuren (lila en indigo inclusief) of kent het alle namen van dinosaurussen? Kleurt het&nbsp;met echte potloden zo goed als tussen de lijntjes en maakt het gebruik van verschillende kleuren? Puzzelt het thuis al met &#8216;grote&#8217; puzzels voor een leeftijd ver boven de zijne? Gebruikt het woorden die niet typisch zijn voor z&#8217;n leeftijd?<br>&nbsp;<\/li>\n\n\n\n<li>Trek niet te snel de conclusie dat deze ouders pochen over hun kind of zelfs zaken verzinnen. Vele ouders van UHB peuters (zeker als het hun eerste kind is) beseffen niet dat wat hun kind kan of kent, ver boven de standaard zit. Zit rustig met de ouders samen en maak een lijstje van wat het kind al kan of doet.<br>&nbsp;<\/li>\n\n\n\n<li>Sta open voor het feit dat dit kind \u00e9cht anders is. Uitzonderlijk hoogbegaafd is zo anders dan hoogbegaafd en dus compl\u00e9\u00e9t anders dan de andere kinderen in je klas.&nbsp;<br>&nbsp;<\/li>\n\n\n\n<li>Wanneer ouders met de mededeling komen dat hun kind in de kleuterklas &#8220;achteruit gaat in&nbsp;z&#8217;n ontwikkeling&#8221;, neem dit dan au-s\u00e9rieux. Dit is g\u00e9\u00e9n persoonlijke aanval op jou of jouw capaciteiten als kleuterleerkracht, maar heeft louter met de ontwikkeling van dit speciale kind te maken. In dit geval past deze kleuter zich zo sterk&nbsp;aan aan z&#8217;n omgeving en z&#8217;n klasgenootjes, dat hij begint te presteren op een lager niveau dan hij al had. Dit kind moet gezien worden en uitdaging op maat is dringend nodig!<\/li>\n<\/ul>\n\n\n\n<p class=\"has-white-background-color has-background\"><a href=\"http:\/\/145plus.net\/tiki\/tiki-editpage.php?page=Noden+UHB+kleuters&amp;hdr=4\"><\/a><\/p>\n\n\n\n<h3 class=\"wp-block-heading\" id=\"aandacht_voor_asynchrone_ontwikkeling\">Aandacht voor hun asynchrone&nbsp;ontwikkeling<a href=\"http:\/\/145plus.net\/tiki\/tiki-index.php?page=Noden-UHB-kleuters#Aandacht_voor_hun_asynchrone_ontwikkeling\"><\/a><\/h3>\n\n\n\n<p>Een UHB kind ontwikkelt zich niet op het tempo van&nbsp;z&#8217;n leeftijdsgenootjes. Terwijl kinderen van zijn leeftijd&nbsp;&#8216;ongeveer&#8217; dezelfde mijlpalen halen&nbsp;op verschillende ontwikkelingsgebieden, dan gaat dit bij een UHB kind op een h\u00e9\u00e9l ander ritme&nbsp;en tegen een compleet andere snelheid. De meeste UHB kleuters ontwikkelen zich op verstandelijk vlak v\u00e9\u00e9l sneller dan op emotioneel of sociaal of zelfs op fysiek vlak. Zelfs onderling, tussen hun verschillende ontwikkelings vlakken, kunnen er ontzettend grote verschillen groeien.<\/p>\n\n\n\n<p>UHB kleuters lijken soms een achterstand te hebben bij praktische of motorische zaken. Soms hebben ze er moeite mee om hun schoentjes of jasje aan te trekken of hun verfborstel juist&nbsp;vast te nemen. Vaak zijn ze op sociaal vlak eerder&nbsp;teruggetrokken, spelen ze graag alleen en houden ze afstand van hun klasgenootjes. Dat terwijl ze tegelijkertijd al filosofische vragen kunnen stellen over de dood of je met een betweterig stemmetje de namen van de planeten benoemen of de stand van de maan&nbsp;verklaren.<\/p>\n\n\n\n<p>Voor een UHB kleuter is dit heel normaal. Zijn ontwikkeling gaat in grote sprongen en soms lijkt de afstand tussen zijn verstandelijk kunnen en z&#8217;n fysieke ontwikkeling extreem groot te worden. Dit heet een&nbsp;<strong>asynchrone ontwikkeling<\/strong>. Het is \u00e9\u00e9n van de belangrijkste kenmerken van een UHB kind.<\/p>\n\n\n\n<p>Voor een UHB kind is deze asynchrone ontwikkeling &#8220;normaal&#8221;. Het kind behaalt sommige mijlpalen pas op veel later moment dan z&#8217;n leeftijdsgenootjes. Zo leren sommige UHB kinderen pas tegen 10-jarige leeftijd veters strikken of laten ze gedrag zien op emotioneel vlak dat door leerkrachten als &#8220;achter&#8221; wordt gezien.&nbsp;<\/p>\n\n\n\n<p>Door hun snelle verstandelijke ontwikkeling, ervaren ze soms meer problemen op sociaal of emotioneel vlak. Dit wil echter niet zeggen dat ze effectief achterlopen op die vlakken. Ze ervaren soms al gevoelens die kinderen van hun leeftijd normaal gezien niet hebben of zijn met zaken bezig in hun hoofdje, die ze op vlak van emoties nog niet helemaal kunnen verwerken.&nbsp;<\/p>\n\n\n\n<p>Het is uiterst belangrijk dat deze asynchrone ontwikkeling bij een UHB kind wordt gezien en vooral: erkend. Een UHB kind ki\u00e9st er niet voor om asynchroon te ontwikkelen. Het kind verstandelijke uitdaging onthouden omdat het bijvoorbeeld op sociaal of emotioneel vlak nog niet voldoende ontwikkeld is, mag geen optie zijn. Het is zelfs schadelijk voor het kind.&nbsp;<\/p>\n\n\n\n<p class=\"has-white-background-color has-background\"><a href=\"http:\/\/145plus.net\/tiki\/tiki-editpage.php?page=Noden+UHB+kleuters&amp;hdr=5\"><\/a><\/p>\n\n\n\n<h4 class=\"wp-block-heading\" id=\"Tips_voor_de_leerkracht:_2\">Tips voor de&nbsp;leerkracht:<a href=\"http:\/\/145plus.net\/tiki\/tiki-index.php?page=Noden-UHB-kleuters#Tips_voor_de_leerkracht:_2\"><\/a><\/h4>\n\n\n\n<ul class=\"wp-block-list\">\n<li>Hamer niet op een gelijke ontwikkeling van het kind op \u00e0lle vlakken: dat kan bij een UHB kind gewoonweg niet. Het kind zal zich gefrustreerd voelen en waarschijnlijk z&#8217;n verstandelijke ontwikkeling gaan verbergen. Laat het kind weten dat je begrijpt dat het een beetje &#8216;sneller&#8217; is of dat het ok\u00e9 is om&nbsp;andere zaken leuk te vinden&nbsp;dan klasgenootjes. Op die manier voelt het kind zich erkend en hoeft het zich niet&nbsp;aan te passen naar een lager verstandelijk niveau.<br>&nbsp;<\/li>\n\n\n\n<li>Neem de tijd om de kleuter te observeren. Kijk naar wat hij nodig heeft op verstandelijk vlak en hou hem daar niet in tegen. De kleuter heeft uitdaging nodig, ook al kan hij fysiek een aantal zaken nog niet die zijn klasgenootjes w\u00e9l kunnen.<br>&nbsp;<\/li>\n\n\n\n<li>Sommige kleuters hebben zich bepaalde zaken al aangeleerd op een andere manier dan ze op school worden aangeboden. Merk je dat het kind z&#8217;n jas al aandoet zoals een volwassene dat doet, push hem dan niet om de volgorde te volgen die je uitlegt wanneer je z&#8217;n klasgenootjes leert hun jasje aan te trekken. Prijs de kleuter omdat hij het al alleen kan.<br>&nbsp;<\/li>\n\n\n\n<li>Bevestig de UHB kleuter in z&#8217;n kunnen. Kent hij de namen van alle planeten in het zonnestelsel? Vertel hem hoe leuk je het vindt om dat te horen. Toon interesse in de zaken die hij kent of leuk vindt. Stel vragen of spoor hem aan om meer te vertellen&#8230;<br>&nbsp;<\/li>\n\n\n\n<li>Rem de kleuter niet af in z&#8217;n ontwikkeling, enkel omdat hij op bepaalde vlakken sneller gaat dan hij zou &#8216;moeten&#8217; volgens de boekjes. Een UHB kleuter die al kan lezen lang voor z&#8217;n eerste dag op school, wil vanuit zijn leerhonger m\u00e9\u00e9r lezen. Geef hem boekjes op zijn niveau, ook al staat dit nog lang niet op het programma. Blijkt de kleuter al te kunnen tellen tot 20? Laat hem oefeningetjes maken tot 30 of 50. De UHB kleuter is leergierig en wil zich ontwikkelen. Legt de kleuter al puzzels met 30 stukken? Dwing hem niet de puzzels met 6 stukjes opnieuw en opnieuw te maken, maar haal een puzzel van 50 stukken&nbsp;uit een hoger kleuterklasje&#8230;<br>&nbsp;<\/li>\n\n\n\n<li>Let op je taalgebruik. UHB kleuters zijn heel gevoelig aan wat je als leerkracht zegt. Voor sommige UHB kleuters is \u00e9\u00e9n negatieve reactie van de juf of meester al voldoende om voor de rest van het schooljaar geen woord meer te (durven) zeggen. Praat op een volwassen manier tegen de kleuter. Zo leert hij dat hij meetelt en mag zijn zoals hij is. Ook al is dat dan een beetje &#8216;anders&#8217; dan z&#8217;n klasgenootjes.<br>&nbsp;<\/li>\n<\/ul>\n\n\n\n<p class=\"has-white-background-color has-background\"><a href=\"http:\/\/145plus.net\/tiki\/tiki-editpage.php?page=Noden+UHB+kleuters&amp;hdr=6\"><\/a><\/p>\n\n\n\n<h3 class=\"wp-block-heading\" id=\"uitdaging_op_maat\">Uitdaging&nbsp;op&nbsp;maat<a href=\"http:\/\/145plus.net\/tiki\/tiki-index.php?page=Noden-UHB-kleuters#Uitdaging_op_maat\"><\/a><\/h3>\n\n\n\n<p>Ook UHB kleuters hebben al uitdaging nodig. Uitdaging op hun niveau. Zelfs al in het peuterklasje of eerste kleuterklasje. Een 4-jarige kleuter die al de tafels van vermenigvuldiging kent, hou je niet bezig met een basis rekenspelletje of een liedje om de cijfers te leren kennen. Een kleuter die al puzzels van 50 stukken&nbsp;legt, vindt geen uitdaging in puzzels van 20&nbsp;stukjes. UHB peuters en kleuters willen leren. En dat kunnen ze alleen wanneer hen zaken worden aangeboden die ze nog niet kennen of kunnen. Het is daarom belangrijk te bekijken op welk niveau de kleuter zich bevindt. En nog belangrijker: hem uitdaging te geven die nog n\u00e9t een trapje hoger ligt. Gebeurt dat&nbsp;niet, dan blijft het kind hangen in een fase van herhaling en verveling, wat uiterst negatief is&nbsp;voor z&#8217;n zelfvertrouwen&nbsp;en z&#8217;n natuurlijke ontwikkeling afremt.<\/p>\n\n\n\n<p><a href=\"http:\/\/145plus.net\/tiki\/tiki-editpage.php?page=Noden+UHB+kleuters&amp;hdr=7\"><\/a><\/p>\n\n\n\n<h4 class=\"wp-block-heading\" id=\"Tips_voor_de_leerkracht:_3\">Tips voor de&nbsp;leerkracht:<a href=\"http:\/\/145plus.net\/tiki\/tiki-index.php?page=Noden-UHB-kleuters#Tips_voor_de_leerkracht:_3\"><\/a><\/h4>\n\n\n\n<ul class=\"wp-block-list\">\n<li>Bekijk samen met de zorgkracht of je als leerkracht het nodige in huis hebt om deze kleuter&nbsp;de juiste uitdaging te geven. Haal materiaal uit een hoger kleuterklasje of uit het 1ste leerjaar. Bespreek met de leerkrachten uit een hogere klas wat er voor dit kind&nbsp;mogelijk is.<br>&nbsp;<\/li>\n\n\n\n<li>Leg de lat hoog. Echt hoog. Een uitzonderlijk hoogbegaafd kind is niet &#8220;gewoon hoogbegaafd&#8221;. UHB kinderen die hun natuurlijk leertempo&nbsp;mogen volgen, schieten soms als een raket omhoog. Het UHB kind dat zichzelf leerde lezen en op &#8216;AVI start&#8217; niveau in je klasje begint, kan op enkele weken 4 of zelfs 8 niveaus hoger klimmen. Een kleuter die interesse heeft in cijfers, leert zichzelf tegen recordtijd rekenen over de brug, ook al legt niemand hem dat systeem uit. Je zal verbaasd staan hoe snel dit kind evolueert&#8230;<br>&nbsp;<\/li>\n\n\n\n<li>Neem de tijd om op regelmatige momenten te evalueren of dit kind weer niet m\u00e9\u00e9r uitdaging nodig heeft. Een UHB kind slorpt kennis en informatie zoals een gewoon kind snoepjes eet. Materiaal dat vandaag nog voldoende uitdaging biedt, kan volgende week alweer achterhaald en saai zijn.&nbsp;<br>&nbsp;<\/li>\n\n\n\n<li>Bekijk of uitdaging binnen de klas wel mogelijk is. Misschien is een versnelling wel interessanter voor dit kind. Zeker voor kinderen die al lezen of rekenen, is het uiterst moeilijk uitdaging op maat te vinden in een 1ste kleuterklasje.<br>&nbsp;<\/li>\n\n\n\n<li>Sta open voor (meervoudige)&nbsp;versnelling. Een kind dat nood heeft aan leren en rekenen nog 2 of 3 jaar tegenhouden in z&#8217;n verstandelijke noden, is geen optie. Dit kan het kind net heel erge psychologische schade toebrengen en z&#8217;n leerhonger wegnemen&nbsp;voor de rest van z&#8217;n leven. Net als alle kinderen, hebben UHB kinderen recht op het volgen van hun natuurlijke cognitieve ontwikkeling. Ook al ligt die natuurlijke ontwikkeling veel hoger dan bij andere kinderen&#8230;<br>&nbsp;<\/li>\n\n\n\n<li>Een apart leertraject is nodig voor \u00e9lke UHB kleuter, vanaf dag 1. Elke UHB kleuter is anders en heeft z&#8217;n eigen noden op verschillende gebieden. E\u00e9n aanpak is dus nooit effectief. Bekijk wat dit bepaalde kind nodig heeft, wat het al kan en kent en welke z&#8217;n talenten zijn. Dit laatste is bij een UHB peuter vaak al h\u00e9\u00e9l zichtbaar.<br>&nbsp;<\/li>\n\n\n\n<li>Roep professionele hulp in. Een UHB kind heeft specifieke noden, die je niet zomaar kan invullen of zelfs maar kan inschatten. Het is geen schande om toe te geven dat je niet precies weet hoe dit kind aan te pakken. Bespreek dit met de zorgkracht of directie of een lid van het CLB met kennis van (uitzonderlijke) hoogbegaafdheid.&nbsp;<\/li>\n<\/ul>\n\n\n\n<p><a href=\"http:\/\/145plus.net\/tiki\/tiki-editpage.php?page=Noden+UHB+kleuters&amp;hdr=8\"><\/a><\/p>\n\n\n\n<h3 class=\"wp-block-heading\" id=\"erkenning_van_hun_talenten_en_noden\"><br>&nbsp;<br>Erkenning&nbsp;van hun talenten en&nbsp;noden<a href=\"http:\/\/145plus.net\/tiki\/tiki-index.php?page=Noden-UHB-kleuters#Erkenning_van_hun_talenten_en_noden\"><\/a><\/h3>\n\n\n\n<p>Ook al lijken UHB kleuters soms heel erg eigenwijs of doen ze een beetje uit de hoogte wanneer ze je zaken komen vertellen die recht uit een wetenschappelijk magazine lijken te komen,&nbsp;deze kinderen hebben net als hun leeftijdsgenootjes een grote behoefte aan bevestiging. Misschien zelfs nog een tikkeltje m\u00e9\u00e9r. De UHB kleuter kan namelijk zeer fijn aanvoelen dat hij anders is dan z&#8217;n klasgenootjes en wordt daar makkelijk onzeker door. Uitzonderlijk hoogbegaafden zijn van nature ook erg gevoelig. Dit maakt dat ze niet alleen meer nadenken dan anderen, maar zich ook meer zorgen maken dan het gemiddelde kind. Omdat ze op verstandelijk vlak een extreem grote voorsprong hebben, zijn ze ook vaak al bezig met zaken in hun hoofd die ze emotioneel nog niet goed kunnen verwerken. Hierdoor raken ze soms verward, angstig, verdrietig of overwelmd. Het is belangrijk dat je als leerkracht daar oog voor hebt.&nbsp;<\/p>\n\n\n\n<p>Ook wanneer de kleuter al &#8216;gesprongen&#8217; is en dus tussen oudere klasgenoten zit, is erkenning van zijn manier van &#8216;zijn&#8217; heel erg belangrijk. Het UHB kind kan zich op dat moment wel beter op z&#8217;n plek voelen op verstandelijk niveau, hij blijft maar zo oud als hij is. Extra begeleiding en zorg voor dit kind is op dat moment echt geen onnodige luxe.&nbsp;&nbsp;<\/p>\n\n\n\n<p class=\"has-white-background-color has-background\"><a href=\"http:\/\/145plus.net\/tiki\/tiki-editpage.php?page=Noden+UHB+kleuters&amp;hdr=9\"><\/a><\/p>\n\n\n\n<h5 class=\"wp-block-heading\" id=\"Tips_voor_de_leerkracht:_4\">Tips voor de&nbsp;leerkracht:<a href=\"http:\/\/145plus.net\/tiki\/tiki-index.php?page=Noden-UHB-kleuters#Tips_voor_de_leerkracht:_4\"><\/a><\/h5>\n\n\n\n<ul class=\"wp-block-list\">\n<li>Hou er rekening mee dat je kleine leerling misschien wel veel ouder lijkt dan hij is, maar tegelijkertijd ook nog beperkt wordt door&nbsp;z&#8217;n leeftijd. Zo kan de kleuter&nbsp;misschien al mee op het niveau van een eerste leerjaar als het over rekenen of&nbsp;lezen&nbsp;gaat, maar kan hij&nbsp;tegelijkertijd nog moeilijkheden ondervinden om z&#8217;n pen goed vast te nemen of z&#8217;n veters te strikken.<br>&nbsp;<\/li>\n\n\n\n<li>Besef dat een UHB kind er niet voor kiest om op verstandelijk vlak zo snel te evolueren. Spreek het kind aan op z&#8217;n verschillende leeftijden. Praat op een volwassen manier met hem, maar erken dat hij op sociaal vlak misschien wat trager evolueert of fysiek een aantal zaken nog niet kan die z&#8217;n klasgenootjes w\u00e9l kunnen. Laat horen dat je dit ok\u00e9 vindt, stel hem gerust.<br>&nbsp;<\/li>\n\n\n\n<li>Prijs het UHB&nbsp;kind op dezelfde manier zoals je de andere leerlingen prijst. Dit kind zet wel andere prestaties neer, maar vo\u00e9lt zich hierdoor niet beter of slimmer. Het is belangrijk dat hij net zo behandeld wordt als z&#8217;n klasgenootjes en deel kan uitmaken van de ganse groep.<br>&nbsp;<\/li>\n\n\n\n<li>Sommige UHB kleuters&nbsp;hebben meer behoefte aan begeleiding op de achtergrond. Door hun introverte aard voelen ze zich niet altijd op hun gemak in het bijzijn van de leerkracht. Doe een stapje terug wanneer je merkt dat het kind last heeft van je nabijheid en kijk toe van op&nbsp;afstand. Sommige UHB kinderen vinden het zelfs moeilijk om geprezen te worden. Ze hebben meer aan een goedkeurend knikje dan aan een uitbundig applaus. Hou rekening met de aard van het kind.&nbsp;<\/li>\n<\/ul>\n\n\n\n<p class=\"has-white-background-color has-background\"><a href=\"http:\/\/145plus.net\/tiki\/tiki-editpage.php?page=Noden+UHB+kleuters&amp;hdr=10\"><\/a><\/p>\n\n\n\n<h3 class=\"wp-block-heading\" id=\"flexibiliteit_in_het_zoeken_naar_gepaste_oplossingen\">Flexibiliteit&nbsp;in het zoeken naar gepaste&nbsp;oplossingen<a href=\"http:\/\/145plus.net\/tiki\/tiki-index.php?page=Noden-UHB-kleuters#Flexibiliteit_in_het_zoeken_naar_gepaste_oplossingen\"><\/a><\/h3>\n\n\n\n<p>Een UHB kind in je klas hebben, is niet vanzelfsprekend. Deze kinderen mogen echt heel&nbsp;anders genoemd worden&nbsp;dan hun leeftijdsgenootjes. Omdat&nbsp;er in Vlaanderen niet zo heel veel uitzonderlijk hoogbegaafden rondlopen (maar 0.1% van de bevolking is UHB) is de kans heel re\u00ebel dat dit je eerste of misschien wel \u00e9nigste UHB leerling&nbsp;ooit is. Er zijn geen kant-en-klare oplossingen. Een UHB kind is zo &#8216;uitzonderlijk&#8217; dat het een oplossing op maat nodig heeft.<\/p>\n\n\n\n<p>Ga als leerkracht &#8211; maar ook als school &#8211; zo&nbsp;flexibel mogelijk om met dit gegeven. Maak uitzonderingen voor dit kind. Probeer het niet&nbsp;in een standaard mal te steken: het past daar niet. Wees je er als kleuterleerkracht van bewust dat jouw invloed op dit kind extreem groot is. Wanneer UHB kinderen tijdens&nbsp;de eerste weken op school de conclusie trekken dat ze daar&nbsp;&#8220;niet passen&#8221;, zullen ze zich aanpassen aan wat standaard van hen gevraagd wordt. Ook kinderen die verplicht worden te presteren op een niveau dat ver onder het niveau&nbsp;ligt van wat ze al kunnen en&nbsp;kennen,&nbsp;leggen daar vaak al de basis van een mogelijks problematische schoolcarri\u00e8re.<\/p>\n\n\n\n<p>Wanneer je als leerkracht echter bereid bent om dit kind te geven wat het op verstandelijk vlak nodig heeft, leert het&nbsp;dat het mag zijn wie het is, leert het als kleuter al hoe fijn het is om te leren&nbsp;en leert hij vertrouwen op z&#8217;n eigen manier van zijn en op z&#8217;n natuurlijke leersnelheid.<\/p>\n\n\n\n<p>Jij als kleuterleerkracht hebt z&#8217;n toekomst in handen. Hoe flexibeler je omgaat met dit begaafde kind, hoe meer kans het heeft om later een evenwichtige, leergierige en begaafde volwassene te zijn. Je kleuter zal later met veel plezier terugkijken en zich de leerkracht herinneren die hem accepteerde voor wie hij was.<br>&nbsp;<\/p>\n\n\n\n<p class=\"has-white-background-color has-background\"><a href=\"http:\/\/145plus.net\/tiki\/tiki-editpage.php?page=Noden+UHB+kleuters&amp;hdr=11\"><\/a><\/p>\n\n\n\n<h4 class=\"wp-block-heading\" id=\"Tips_voor_de_leerkracht:_5\">Tips voor de&nbsp;leerkracht:<a href=\"http:\/\/145plus.net\/tiki\/tiki-index.php?page=Noden-UHB-kleuters#Tips_voor_de_leerkracht:_5\"><\/a><\/h4>\n\n\n\n<ul class=\"wp-block-list\">\n<li>Laat je verwachtingen van wat een kind &#8216;mag&#8217; en &#8216;moet&#8217; kunnen of kennen los. Vermits UHB kinderen zich asynchroon en dus \u00e9cht helemaal anders ontwikkelen dan leeftijdsgenootjes, zal een UHB kleuter nooit voldoen aan standaard&nbsp;verwachtingen. Kijk naar het kind individueel en zie z&#8217;n talenten, z&#8217;n groeimogelijkheden &#8230;<br>&nbsp;<\/li>\n\n\n\n<li>Zoek steeds naar nieuwe oplossingen. Een bepaalde aanpak kan bij een kind voor korte of langere periode goed werken. Echter,&nbsp;omdat het kind zo asynchroon ontwikkelt, kunnen ook nieuwe noden naar boven komen die oorspronkelijk niet te zien waren. Sta dus regelmatig stil om te zien of oplossingen nog wel effect hebben en wees bereid aanpassingen te doen.<\/li>\n<\/ul>\n\n\n\n<p class=\"has-white-background-color has-background\"><a href=\"http:\/\/145plus.net\/tiki\/tiki-editpage.php?page=Noden+UHB+kleuters&amp;hdr=12\"><\/a><\/p>\n\n\n\n<h3 class=\"wp-block-heading\" id=\"Conclusie\">Conclusie<a href=\"http:\/\/145plus.net\/tiki\/tiki-index.php?page=Noden-UHB-kleuters#Conclusie\"><\/a><\/h3>\n\n\n\n<p>De noden van UHB kleuters&nbsp;vereisen kennis en flexibiliteit. Toch zijn er een aantal zaken die op school al kunnen toegepast worden ten behoeve van deze kinderen.<\/p>\n\n\n\n<p>Lees in\u00a0&#8220;<a href=\"http:\/\/145plus.net\/pub\/aanpak-uhb-kleuters-op-school\/\">Aanpak van UHB kleuters<\/a>&#8221;\u00a0hoe u als school of leerkracht kan investeren in de cognitieve behoeftes van deze kinderen&#8230;<\/p>\n\n\n\n<p class=\"has-white-background-color has-background\"><\/p>\n","protected":false},"excerpt":{"rendered":"<p>Uitzonderlijk hoogbegaafde kleuters doorlopen een heel andere ontwikkeling&nbsp;dan hun leeftijdsgenootjes. Hierdoor ontwikkelen zij&nbsp;ook andere noden op verstandelijk, sociaal \u00e9n emotioneel vlak. We zetten een aantal van deze noden hier op een rijtje en voorzien de nodige tips om hier als school, kleuterjuf of -meester&nbsp;&nbsp;mee om te gaan: Herkenning\u00a0op jonge\u00a0leeftijd Jonge UHB kleuters komen met grote [&hellip;]<\/p>\n","protected":false},"author":2,"featured_media":0,"parent":0,"menu_order":0,"comment_status":"closed","ping_status":"closed","template":"","meta":{"footnotes":""},"class_list":["post-671","page","type-page","status-publish","hentry"],"_links":{"self":[{"href":"https:\/\/145plus.net\/pub\/wp-json\/wp\/v2\/pages\/671","targetHints":{"allow":["GET"]}}],"collection":[{"href":"https:\/\/145plus.net\/pub\/wp-json\/wp\/v2\/pages"}],"about":[{"href":"https:\/\/145plus.net\/pub\/wp-json\/wp\/v2\/types\/page"}],"author":[{"embeddable":true,"href":"https:\/\/145plus.net\/pub\/wp-json\/wp\/v2\/users\/2"}],"replies":[{"embeddable":true,"href":"https:\/\/145plus.net\/pub\/wp-json\/wp\/v2\/comments?post=671"}],"version-history":[{"count":2,"href":"https:\/\/145plus.net\/pub\/wp-json\/wp\/v2\/pages\/671\/revisions"}],"predecessor-version":[{"id":830,"href":"https:\/\/145plus.net\/pub\/wp-json\/wp\/v2\/pages\/671\/revisions\/830"}],"wp:attachment":[{"href":"https:\/\/145plus.net\/pub\/wp-json\/wp\/v2\/media?parent=671"}],"curies":[{"name":"wp","href":"https:\/\/api.w.org\/{rel}","templated":true}]}}